remainder when d(-7) is divided by 9?
6
Calculate the remainder when 4/(2 - 24/13) is divided by 7.
5
Let v(u) = 2*u**2 + 6*u - 1. What is the remainder when 74 is divided by v(-5)?
17
Suppose 4*s - 136 = -4*m + 2*m, 2*s - m = 68. What is the remainder when s is divided by 12?
10
Let n(c) = 22*c. Let t be n(2). Let j = t - 14. Calculate the remainder when j is divided by 11.
8
What is the remainder when (9 - 8)*1*31 is divided by 17?
14
Suppose -5*d - 150 = -695. What is the remainder when d is divided by 56?
53
Let j = 30 - 23. What is the remainder when 25 is divided by j?
4
What is the remainder when 1*40/(-12)*-15 is divided by 13?
11
Let u = 35 - 23. What is the remainder when 35 is divided by u?
11
Let m = 191 - 115. What is the remainder when m is divided by 11?
10
Let b = 4 - -5. Let w = b + 6. Calculate the remainder when w is divided by 9.
6
Let j be (23 - 3 - 0) + -1. Let x = j + -6. Calculate the remainder when 23 is divided by x.
10
Let l = 6 + -9. What is the remainder when l/1*(4 - 16) is divided by 19?
17
Let c(s) = s**3 - 14*s**2 + 14*s - 4. Suppose 3*x - 50 = 4*u, -2*x + 36 = u - 5*u. Calculate the remainder when x is divided by c(13).
5
Suppose -3*j + s = 10 - 3, 4*j - s = -9. Let n be -5*(j - 0) - 1. Let x(m) = m**2 - 6*m - 8. What is the remainder when x(n) is divided by 10?
9
Let f(r) = r**2 + 2*r - 1. Let u be f(-2). What is the remainder when -3 - (69 + -2)/u is divided by 22?
20
Let v(x) = -x**2 - 3*x. Let h be v(-4). Let j = h + 13. Suppose j*b - 35 = 4*b. What is the remainder when b is divided by 3?
1
Suppose -1 - 17 = -2*w. Let o = -85 - -119. What is the remainder when o is divided by w?
7
Let g = 3 + 0. Suppose 0 = -g*w - 12, 9*w + 41 = 3*c + 4*w. Let v = c + 9. Calculate the remainder when v is divided by 9.
7
Let n be (-1)/((-3)/6) - 2. Suppose n*r - r = 0. Suppose r*p + 4*p + 22 = q, 0 = -5*q - 2*p + 44. Calculate the remainder when 28 is divided by q.
8
Suppose 2*p - 97 = m, -6*m + 236 = 5*p - 2*m. Calculate the remainder when 94 is divided by p.
46
Suppose 2 - 77 = -3*q. Calculate the remainder when 48 is divided by q.
23
Let v(y) = 2*y**2 + 5*y - 6. Let u be v(-6). Suppose s - u = -3*s. Calculate the remainder when s is divided by (-1)/3 + (-10)/(-3).
0
Suppose -5 = -5*j, 3*c = -0*c + j + 152. Suppose v + z - 3*z - 65 = 0, -2*v + 5*z = -126. Let u = v - c. What is the remainder when u is divided by 12?
10
Suppose 0 = 4*o - 3*o + 5*a + 11, 0 = -4*o - 5*a + 1. Calculate the remainder when 19 is divided by o.
3
Let n(l) = 3*l + 1. Suppose 0 = -5*k - 9 + 29. Calculate the remainder when n(2) is divided by k.
3
Suppose -3*g - 4*a = -2, 9*g - 4*g - 5*a = 15. Suppose 7 = -l + g*l. Let p(v) = v**2 + 7*v + 12. Calculate the remainder when p(-8) is divided by l.
6
Suppose c - 30 = -13. What is the remainder when 101 is divided by c?
16
Suppose -2*g = 3*o - 18, o + 2*o - 3 = -g. What is the remainder when 19 is divided by g?
4
Suppose y - 2*d - 6 - 6 = 0, 0 = -2*y + 3*d + 26. Calculate the remainder when 44 is divided by y.
12
Suppose -119 = -2*p - 4*k + 9, -5*p = 3*k - 292. Calculate the remainder when p is divided by 29.
27
Let d = 34 - 21. What is the remainder when 37 is divided by d?
11
Let s(u) = -7*u - 1. Let x be s(-6). Suppose -d + x = -4. Let i = d - 14. What is the remainder when i is divided by 16?
15
Let k(m) = 6*m - 1. Let o be k(1). Let a = o - -1. Let t = 37 - 26. What is the remainder when t is divided by a?
5
Let v = 13 - 7. Calculate the remainder when 5/(6/(-2)*1/(-6)) is divided by v.
4
Suppose f - 6 = -10. What is the remainder when 2/f - 612/(-24) is divided by 9?
7
Let k = 25 - 1. Calculate the remainder when 167 is divided by k.
23
Suppose z = 7*v - 3*v - 68, -5*z - 20 = 0. Suppose -3*s + 0 = 3*d - 15, 3*s = 4*d - 13. Suppose g = d + 5. Calculate the remainder when v is divided by g.
7
Suppose 0 = g - 2*x + 3, -3*g - x + 11 = 3*x. Suppose -17 = -o + 3*w, 0 = o + 6*w - 2*w + 18. Calculate the remainder when o is divided by g.
0
Suppose -6*z + 5*z + 56 = 0. Let a = z + -33. What is the remainder when 45 is divided by a?
22
Suppose -4*i + 5*t - 506 + 131 = 0, 2*i + 192 = 4*t. Calculate the remainder when 734/12 - (-15)/i is divided by 16.
13
Let w = -3 + 15. Suppose -3*c - 6 = j, 3*c = 3*j - 2*c + 32. Let g = j - -31. Calculate the remainder when g is divided by w.
10
What is the remainder when 3 + (-3 - -42 - -3) is divided by 12?
9
Let y = -5 + 255. Suppose 4*c - y = -66. Calculate the remainder when c is divided by 24.
22
Suppose -2*u - 1 + 7 = 0, -5*p = 3*u - 79. Suppose 0 = 3*q + 5*k - 14, -k - 3*k = 4*q - 24. Calculate the remainder when p is divided by q.
6
Let w(r) = r + 11. What is the remainder when w(-7) is divided by 2?
0
Let t = -4 + 3. Let v = t + -4. Let o(x) = -2*x + 2. Calculate the remainder when o(v) is divided by 7.
5
Let r(h) = h**2 - 13*h + 28. Calculate the remainder when r(13) is divided by 8.
4
Let d be -2*(14/(-4) + 1). Suppose d*l + 49 = 239. What is the remainder when l is divided by 10?
8
Suppose -4*c - 4*k + 2*k + 18 = 0, 5*c = 4*k + 55. Suppose 4*d - 94 = -5*h + 6*d, 85 = 5*h - 5*d. Calculate the remainder when h is divided by c.
6
Suppose l = 3*l - 40. Suppose 38 = 2*x + 2*h, 5*h + 0*h - l = 0. What is the remainder when 27 is divided by x?
12
Let f = 40 - 16. What is the remainder when 95 is divided by f?
23
Suppose -h + 21 = -5*d, 0 = 2*h - d + 2*d + 13. What is the remainder when 31 is divided by 98/6 + h/12?
15
Suppose 0*q = -2*q - 66. Let t = q - -64. What is the remainder when t is divided by 8?
7
Suppose 4*v + 0 - 28 = 0. Calculate the remainder when v is divided by 3.
1
Suppose 2 + 3 = m. Suppose 112 = m*d - a, 0 = -3*d + a + 4*a + 54. Calculate the remainder when 45 is divided by d.
22
Let p(l) = -l**2 + l + 2. Let w be p(2). Suppose -4*k = -20, w = -0*g + 2*g + 3*k - 43. Calculate the remainder when 55 is divided by g.
13
Suppose -g + 36 = g. Let o = g - -18. Let i = o - 21. Calculate the remainder when i is divided by 8.
7
Suppose -5*i + i - 6 = -o, 0 = 5*i + 3*o + 16. Suppose 0 = -2*l + 87 - 13. Calculate the remainder when l is divided by (26/(-4))/(1/i).
11
Suppose -37 + 1 = -4*l. Let o = -18 - -44. Let k = l + o. What is the remainder when k is divided by 18?
17
Suppose -3*t + 10 = -t. Suppose -3*b + 0*b = -t*c + 16, -35 = -4*c - 5*b. Let u = 26 - 12. What is the remainder when u is divided by c?
4
Let v = 21 - 7. Suppose 0*m = -2*m + 6. Suppose -45 = -x + 4*k, -x - m*x + 4*k = -168. Calculate the remainder when x is divided by v.
13
Suppose -2*v + 4*l = -54, -2*v + 4*v - 44 = 2*l. Let s = -1 + 2. What is the remainder when v is divided by 3 + -2 + 5/s?
5
Suppose -21 = 2*x - 0*a - 5*a, 5*x - 4*a = -10. Suppose 0 = -f - x*f + 51. Suppose -2*h + 2 + 10 = 0. Calculate the remainder when f is divided by h.
5
Suppose -2*t + 4*y = 4 + 4, -t - 3*y = -11. Let a = t + 8. What is the remainder when 39 is divided by a?
9
Let l = -8 - 7. Calculate the remainder when (-10)/l + 210/9 is divided by 9.
6
Let c be (2/(-5))/(1/(-5)). Suppose -c*q - 73 = 15. Let t = q + 67. Calculate the remainder when 45 is divided by t.
22
Let f(n) = n**3 + 6*n**2 + 5*n + 4. Suppose 4*h = -2*b + 24, -2*b + 2 = -h - 2. What is the remainder when f(-5) is divided by 18/(-4)*b/(-6)?
1
Suppose -5 - 5 = -f. Calculate the remainder when 18 is divided by f.
8
Suppose 2*i - i - 64 = 0. Suppose 3*h = -10 + i. What is the remainder when 68 is divided by h?
14
Let k be (0 - 1)/(7/(-238)). Let l = k - 19. What is the remainder when 43 is divided by l?
13
What is the remainder when -5*((-78)/(-45))/((-2)/18) is divided by 9?
6
Let d = 4 - -1. Calculate the remainder when 14 is divided by d.
4
Suppose -44 = -5*a + 5*w + 96, -2*a - 3*w + 51 = 0. What is the remainder when 132 is divided by a?
24
Let m = 129 - 87. Calculate the remainder when m is divided by 22.
20
Suppose 0 = 3*j - 3*r + 3, 4*j + 12 = 7*j + 2*r. What is the remainder when ((-7)/j)/(2/(-28)) is divided by (-207)/(-12) - (-1)/(-4)?
15
Calculate the remainder when 2*(52/8 - -1) is divided by 4.
3
Suppose 4*s + 3*r = 8 + 5, 4*s - 5*r - 21 = 0. What is the remainder when 9 is divided by s?
1
Suppose 2 = x, z + 3*z - x - 22 = 0. Calculate the remainder when 29 is divided by (2 - -11) + z/(-2).
9
Let i be -2 + 9 - (-2 - -2). Let t be